 What is q(-5)?
33
Let l(k) = k**2 - 14*k - 4. Determine l(14).
-4
Let y(r) = -r**2 - 6*r + 13. Give y(-7).
6
Let p(s) = -s + 1. Calculate p(-3).
4
Let t(a) = a**2 - 5*a + 8. What is t(6)?
14
Let z(v) = -v**3 + 3*v**2 + 25*v + 12. Give z(-5).
87
Let h(y) = y**2 - 13*y - 23. Give h(-2).
7
Let g(a) = -a**3 - 22*a**2 - a - 17. What is g(-22)?
5
Let x(r) = -r**3 - 27*r**2 - 29*r - 44. Calculate x(-26).
34
Let g(v) = -17*v - 2. Determine g(1).
-19
Let u(z) = -z**3 - 10*z**2 + 5*z - 56. Calculate u(-11).
10
Let q(a) = 57*a - 288. Calculate q(5).
-3
Let g(b) = -3*b**2 + 2*b + 3. Determine g(-1).
-2
Let j(q) = -2*q**3 - 19*q**2 - 9*q + 10. What is j(-9)?
10
Let w(a) = -a**2 - 10*a - 9. What is w(-9)?
0
Let t(o) = -o**2 + o - 32. What is t(0)?
-32
Let j(d) = -d**3 + 2*d**2 - 4*d + 13. Determine j(3).
-8
Let z(f) = -12*f - 4. What is z(-1)?
8
Let h(a) = a**3 - 18*a**2 + 29*a + 58. What is h(16)?
10
Let k(j) = -j**3 + 6*j**2 - 10*j + 6. What is k(4)?
-2
Let q(c) = -11*c - 5. Determine q(-8).
83
Let s(u) = -u**2 + 15*u - 13. Calculate s(17).
-47
Let o(k) = 3*k**2 + 26*k - 2. What is o(-9)?
7
Let m(v) = 13*v - 241. Determine m(17).
-20
Let s(j) = 2*j**2 - 5*j + 4. Give s(2).
2
Let x(m) = m**3 - 7*m**2 - 9*m - 8. What is x(8)?
-16
Let o(u) = -6*u - 3. Determine o(-6).
33
Let w(i) = 9*i**3 + i**2 - 6*i + 5. Give w(1).
9
Let p(w) = -w - 9. Calculate p(9).
-18
Let g(u) = u**3 - 6*u**2 - u + 4. What is g(6)?
-2
Let i(m) = -3*m + 33. Calculate i(13).
-6
Let t(w) = 2*w**3 + 17*w**2 + 9*w + 11. Calculate t(-8).
3
Let t(r) = r**3 + 5*r**2 + 4*r + 5. What is t(-4)?
5
Let w(p) = -4*p - 89. Calculate w(-22).
-1
Let q(y) = -3*y**3 - 2*y**2 + 1. What is q(-2)?
17
Let d(z) = z**2 + 14*z - 4. Determine d(-16).
28
Let s(j) = j**2 + 8*j + 10. Give s(-8).
10
Let k(y) = y**3 - 18*y**2 + 17*y - 5. Calculate k(17).
-5
Let q(j) = 10*j + 34. Determine q(-6).
-26
Let s(a) = -a**3 - 2*a**2 + a + 3. Determine s(3).
-39
Let f(k) = -k**3 + 17*k**2 - 15*k - 35. Determine f(16).
-19
Let k(d) = -d**3 + 35*d**2 + 38*d - 76. What is k(36)?
-4
Let s(x) = 7*x + 2. Determine s(-4).
-26
Let k(z) = -z**3 - 6*z**2 - 5*z - 2. Determine k(-6).
28
Let l(q) = -q**2 - 15*q - 40. What is l(-7)?
16
Let c(q) = q**2 - 9*q + 18. Calculate c(6).
0
Let a(p) = p**3 - 27*p**2 - 26*p - 54. Calculate a(28).
2
Let k(m) = -m**3 + 3*m**2 + 29*m - 27. Calculate k(7).
-20
Let q(w) = w**3 + w**2 - 4*w. Calculate q(0).
0
Let d(q) = -q**2 - 4*q - 8. Determine d(-6).
-20
Let q(y) = 2*y + 11. Calculate q(-6).
-1
Let i(a) = -a**3 - 9*a**2 + 15*a + 41. Determine i(-10).
-9
Let z(w) = 4*w - 140. Determine z(36).
4
Let i(z) = -2*z**2 + 9*z + 4. Calculate i(6).
-14
Let s(w) = 15*w + 286. What is s(-19)?
1
Let k(n) = -n + 25. What is k(10)?
15
Let k(f) = -17*f**2 + f - 1. Determine k(1).
-17
Let r(n) = 52*n + 2. Determine r(1).
54
Let q(o) = o**2 + o - 27. Give q(0).
-27
Let a(l) = 2*l**2 - 52*l + 8. What is a(25)?
-42
Let t(z) = 19*z - 696. What is t(37)?
7
Let y(b) = -23*b + 11. Give y(4).
-81
Let p(k) = k**3 - 5*k**2 - 6*k - 5. Give p(5).
-35
Let r(h) = 10*h - 299. Determine r(32).
21
Let p(r) = 12*r + 614. Determine p(-51).
2
Let t(x) = -x**3 + 7*x**2 - 8. Give t(7).
-8
Let a(c) = -2*c**3 - 18*c**2 - 5*c + 8. Determine a(-9).
53
Let a(n) = -n**3 + 3*n**2 - n + 6. What is a(3)?
3
Let c(s) = s**2 + 15*s - 13. Determine c(-16).
3
Let w(a) = -a**3 + 7*a**2 + 9*a - 15. Determine w(8).
-7
Let s(z) = -51*z - 159. Calculate s(-3).
-6
Let l(h) = 10*h**2 - h. Give l(-1).
11
Let s(o) = -o**3 - 11*o**2 - 12*o - 10. Calculate s(-10).
10
Let d(h) = h**3 - 27*h**2 - h + 37. Determine d(27).
10
Let n(j) = j**3 - 10*j**2 + 3*j + 11. Calculate n(9).
-43
Let w(y) = y**3 - 8*y**2 + 6*y + 17. Calculate w(7).
10
Let d(n) = n**2 + 4. Determine d(3).
13
Let s(d) = -22*d**2 + 9*d - 2. Calculate s(1).
-15
Let m(k) = -4*k - 24. Determine m(-5).
-4
Let z(b) = 64*b - 128. Calculate z(2).
0
Let v(t) = t**2 + 16*t + 11. Determine v(-15).
-4
Let n(o) = -5*o - 5. Give n(-3).
10
Let i(a) = 2*a**3 + a**2 - 4*a + 6. Calculate i(2).
18
Let j(z) = 14*z**2 - z - 1. What is j(2)?
53
Let a(c) = c**2 - 2*c - 7. Give a(-5).
28
Let g(c) = -12*c + 106. What is g(11)?
-26
Let m(q) = 2*q - 1. What is m(-3)?
-7
Let d(i) = -i**2 + 4*i - 5. Determine d(2).
-1
Let k(v) = 25*v - 44. What is k(2)?
6
Let z(k) = -k**3 + 5*k**2 + 11*k + 8. Calculate z(7).
-13
Let n(f) = -2*f**3 + 12*f**2 - 2*f + 14. Give n(6).
2
Let p(k) = -k**3 - 9*k**2 - 16*k + 6. Calculate p(-6).
-6
Let a(u) = 3*u**2 + 3*u - 25. Calculate a(-9).
191
Let i(l) = 3*l - 1. Determine i(-1).
-4
Let d(n) = n**3 + 9*n**2 + n + 102. What is d(-10)?
-8
Let o(l) = 3*l - 1. Calculate o(8).
23
Let s(c) = -c**3 + 2*c**2 + 4*c - 2. What is s(4)?
-18
Let i(z) = -20*z + 108. Calculate i(6).
-12
Let c(i) = -2*i**2 - 17*i + 34. What is c(-10)?
4
Let w(l) = -l**3 + 5*l**2 - 3*l - 4. What is w(5)?
-19
Let q(a) = 15*a. What is q(2)?
30
Let w(n) = n**2 - 16*n - 64. Determine w(19).
-7
Let r(i) = i**2 + 13*i + 18. Give r(-15).
48
Let y(u) = -u**3 + 5*u - 2. Calculate y(-4).
42
Let y(u) = -u**2 + 2*u + 23. Give y(6).
-1
Let u(n) = n**2 - 12*n - 9. What is u(13)?
4
Let k(i) = -17*i - 8. Calculate k(-3).
43
Let y(t) = 7*t. Calculate y(3).
21
Let o(w) = -5*w - 38. Determine o(-10).
12
Let r(b) = -b**2 + 5*b - 6. Calculate r(4).
-2
Let o(i) = -i**3 + 8*i**2 - i + 4. Determine o(6).
70
Let o(g) = g - 32. Give o(24).
-8
Let k(j) = -2*j**3 + 17*j**2 + 6*j - 1. Give k(9).
-28
Let g(r) = r - 3. What is g(0)?
-3
Let r(q) = q**3 - 7*q**2 + 3*q + 6. Determine r(5).
-29
Let j(n) = -6*n + 49. Determine j(7).
7
Let y(c) = 11*c**2 - 3*c + 2. What is y(1)?
10
Let a(l) = l**3 - 8*l**2 + 7*l - 7. What is a(7)?
-7
Let r(j) = 26*j - 154. Calculate r(7).
28
Let f(o) = -17*o + 2. Give f(-1).
19
Let d(z) = -z + 14. What is d(0)?
14
Let x(y) = -9*y + 4. Calculate x(-4).
40
Let o(i) = -i**2 - 5*i + 33. What is o(-9)?
-3
Let u(a) = a**3 - 17*a**2 + 18*a + 9. Give u(16).
41
Let b(k) = 5*k + 7. What is b(-8)?
-33
Let p(c) = -99*c - 12. What is p(-1)?
87
Let g(c) = 9*c**2 - 8*c + 4. What is g(4)?
116
Let q(g) = 12*g + 4. Give q(3).
40
Let g(c) = 5*c - 15. Give g(9).
30
Let w(q) = -q**3 - 15*q**2 - 29*q - 33. Give w(-13).
6
Let q(j) = j**2 + j + 27. Determine q(0).
27
Let g(a) = -a + 6. Determine g(12).
-6
Let k(g) = -17*g - 2. Calculate k(-4).
66
Let c(g) = -g**3 + 20*g**2 + g - 21. Calculate c(20).
-1
Let m(t) = -t + 6. Determine m(-15).
21
Let b(j) = 5*j + 69. What is b(-15)?
-6
Let j(s) = -3*s + 28. Give j(11).
-5
Let f(j) = 2*j**3 + 27*j**2 - 13*j + 2. Calculate f(-14).
-12
Let h(u) = u**3 + 22*u**2 - 47*u + 2. Give h(-24).
-22
Let q(t) = 2*t**3 + 3*t**2 + 2*t + 1. What is q(-2)?
-7
Let y(t) = t**3 + 3*t**2 + 5*t + 2. Determine y(-3).
-13
Let j(o) = o**2 + 15. What is j(7)?
64
Let s(v) = -v**3 - 19*v**2 - 17*v - 4. Calculate s(-18).
-22
Let l(w) = w**3 - w**2 - 3*w + 7. Determine l(4).
43
Let z(b) = -6*b**3. Calculate z(1).
-6
Let s(v) = 24*v - 824. What is s(34)?
-8
Let b(x) = -4*x**2 + 14*x + 5. What is b(5)?
-25
Let r(v) = v**2 + 26*v - 3. What is r(-26)?
-3
Let o(k) = 5*k**2 - 25*k + 6. Calculate o(6).
36
Let c(s) = s**2 + 4*s - 1. What is c(-2)?
-5
Let j(g) = g**3 - 9*g**2 - 10*g - 10. Determine j(10).
-10
Let d(r) = 3*r - 3. What is d(11)?
30
Let u(v) = 11*v**2 - 1. Calculate u(-2).
43
Let v(z) = 3*z. Determine v(-1).
-3
Let g(k) = -13*k - 25. What is g(-4)?
27
Let b(m) = 10*m - 37. Calculate b(4).
3
Let l(r) = 13*r + 3. Calculate l(1).
16
Let c(l) = 2*l - 28. Calculate c(9).
-10
Let d(p) = 12*p**2 - 247*p - 110. What is d(21)?
-5
Let s(k) = k**3 + 3*k**2 + 53. Calculate s(-5).
3
Let f(b) = b**3 - 23*b**2 - 24*b - 1. Calculate f(24).
-1
Let h(g) = 11*g - 3. Determine h(3).
30
Let j(a) = 30*a**3 - a + 1. Calculate j(1).
30
Let f(r) = 7*r - 205. What is f(32)?
19
Let w(n) = -6*n - 25. Give w(-4).
-1
Let x(l) = 2*l**3 - 3*l**2 - 5*l + 7. Calculate x(3).
19
Let y(s) = s**3 - 5*s**2 - 13*s - 5. What is y(7)?
2
Let a(t) = -t**2 + 39*t - 25. Calculate a(38).
13
Let w(j) = -24*j + 16. Calculate w(5).
-104
Let j(m) = -2*m**3 + 2*m**2. Determine j(2).
-8
Let v(x) = 3*x**2 + 20*x + 11. What is v(-9)?
74
Let m(x) = -2*x - 49. Determine m(-22).
-5
Let l(h) = h + 10. Calculate l(-6).
4
Let b(i) = -2*i**3 - i**2 + 14*i - 7. What is b(-4)?
49
Let g(p) = p**2 - 6*